e
Is 281 a factor of 131757197?
False
Is 434 a factor of 43321101?
False
Does 14 divide 4628190741?
False
Does 5874 divide 3025126801?
False
Is 20320704 a multiple of 45?
False
Does 15 divide 128007915?
True
Is 1403212013 a multiple of 35?
False
Does 19 divide 8624334?
False
Does 5 divide 60817624?
False
Does 209 divide 65749101?
True
Does 6532 divide 84086436?
True
Does 665 divide 3332054?
False
Does 57 divide 15775731?
False
Is 271 a factor of 562074595?
False
Does 709 divide 31671279?
False
Does 68 divide 105979742?
False
Is 146246494 a multiple of 1814?
True
Does 28 divide 80524304?
True
Is 516 a factor of 22623957?
False
Does 26 divide 332483320?
True
Does 18 divide 1924632?
True
Is 26105118 a multiple of 26?
True
Does 308 divide 15883515?
False
Is 25 a factor of 87335075?
True
Does 27 divide 6646947?
False
Does 17 divide 78974023?
False
Is 34319476 a multiple of 1214?
False
Is 10 a factor of 45609170?
True
Does 12 divide 89651148?
True
Is 10433584 a multiple of 1064?
True
Does 5760 divide 160801920?
True
Is 77819693 a multiple of 24?
False
Does 22 divide 112159721?
False
Is 158402412 a multiple of 36?
True
Does 27 divide 86531976?
True
Is 1082 a factor of 49677866?
True
Does 1995 divide 8165154?
False
Does 13946 divide 3861731076?
True
Does 868 divide 3835720644?
True
Does 18 divide 2938230?
True
Is 459967112 a multiple of 740?
False
Is 24567663 a multiple of 3?
True
Does 14 divide 302090348?
True
Is 5454 a factor of 57157920?
True
Does 4 divide 447839102?
False
Does 292 divide 19943308?
True
Is 488 a factor of 3233488?
True
Is 214 a factor of 11772451?
False
Is 5062010 a multiple of 12?
False
Is 6612 a factor of 2213730660?
True
Is 121970208 a multiple of 8?
True
Is 59 a factor of 6063784?
True
Does 15 divide 144950580?
True
Does 513 divide 39135822?
False
Is 2495 a factor of 40298637?
False
Does 341 divide 2280586176?
True
Does 1280 divide 10058780?
False
Does 22 divide 2625784612?
True
Is 919470713 a multiple of 432?
False
Is 586 a factor of 16671114?
True
Does 6 divide 954925?
False
Is 1421 a factor of 16145218?
False
Does 16 divide 761042853?
False
Does 6 divide 2248020?
True
Is 38 a factor of 206788020?
True
Does 162 divide 1305929096?
False
Does 205 divide 11351055?
True
Does 16 divide 8218624?
True
Does 69 divide 22842321?
False
Does 140 divide 55067724?
False
Is 5029 a factor of 310043047?
False
Is 63289899 a multiple of 1179?
True
Is 27703380 a multiple of 10?
True
Is 82 a factor of 62771746?
False
Is 40 a factor of 2297913040?
True
Does 454 divide 124293556?
False
Is 83983644 a multiple of 2043?
True
Is 84 a factor of 258754860?
True
Is 33842835 a multiple of 17?
True
Is 2700195 a multiple of 15?
True
Is 30 a factor of 2713437206?
False
Does 982 divide 1436369?
False
Is 2998093 a multiple of 119?
False
Does 46 divide 60753488?
True
Is 2340 a factor of 603120960?
True
Is 955 a factor of 65914425?
False
Is 281731712 a multiple of 122?
False
Does 92 divide 61152831?
False
Does 17 divide 73229429?
False
Is 248537205 a multiple of 20?
False
Is 4529979244 a multiple of 98?
True
Is 160646548 a multiple of 124?
False
Is 116 a factor of 55963893?
False
Is 91 a factor of 32493006?
True
Is 441683000 a multiple of 2931?
False
Is 69 a factor of 222659343?
True
Is 34 a factor of 757690?
True
Does 1002 divide 142588608?
True
Is 411 a factor of 266048520?
True
Is 16 a factor of 142683915?
False
Is 56656389 a multiple of 2463?
True
Is 77109525 a multiple of 3501?
True
Does 51 divide 11955624?
True
Is 5665224 a multiple of 11?
False
Does 59 divide 663635342?
False
Is 63139923 a multiple of 77?
True
Is 375335789 a multiple of 35?
False
Does 2902 divide 153556428?
True
Does 701 divide 162539499?
False
Does 178 divide 295188258?
True
Is 168967874 a multiple of 584?
False
Is 4 a factor of 976458324?
True
Is 23 a factor of 20278217?
False
Is 21047511 a multiple of 401?
False
Is 2690 a factor of 744444050?
True
Is 78 a factor of 200443082?
False
Is 421 a factor of 9279636?
False
Is 391 a factor of 233915100?
False
Is 1642240 a multiple of 2?
True
Does 169 divide 16512363?
False
Is 128 a factor of 21808000?
True
Is 820163327 a multiple of 700?
False
Is 373 a factor of 1009438710?
True
Is 3531488 a multiple of 312?
False
Is 16176690 a multiple of 981?
True
Is 20555264 a multiple of 4226?
True
Is 118 a factor of 44481634?
True
Does 1470 divide 10855950?
True
Does 11 divide 998993438?
False
Is 919 a factor of 45810312?
True
Is 132 a factor of 4998048?
True
Is 697858301 a multiple of 8?
False
Is 2746821 a multiple of 60?
False
Is 70 a factor of 1715466079?
False
Does 9 divide 2660506?
False
Is 70 a factor of 104714540?
True
Is 45562616 a multiple of 504?
False
Is 26290758 a multiple of 3?
True
Is 23 a factor of 1763348751?
True
Does 75 divide 25699125?
True
Is 2631599 a multiple of 42?
False
Is 6 a factor of 1709426712?
True
Is 28426992 a multiple of 374?
True
Does 2135 divide 51379436?
False
Is 24066219 a multiple of 10?
False
Does 28 divide 24436722?
False
Is 49 a factor of 41373171?
False
Does 12 divide 30977712?
True
Does 430 divide 225155182?
False
Is 231 a factor of 28734871?
False
Is 14 a factor of 405785590?
True
Is 1404 a factor of 248502384?
True
Is 22737706 a multiple of 326?
False
Is 103 a factor of 103433317?
False
Is 8854378 a multiple of 417?
False
Does 15 divide 38740777?
False
Does 707 divide 28878829?
True
Does 7 divide 335421247?
True
Is 698 a factor of 270360510?
False
Does 2 divide 401357?
False
Does 62 divide 48506320?
True
Does 1496 divide 897471344?
True
Is 15 a factor of 13892895?
True
Is 22821747 a multiple of 793?
True
Does 1061 divide 131767712?
True
Is 178 a factor of 203109570?
True
Is 17 a factor of 238434879?
False
Does 85 divide 8545904?
False
Is 7 a factor of 109807973?
False
Does 1818 divide 3528738?
True
Does 12 divide 70597404?
True
Is 34 a factor of 16993030?
True
Is 13615 a factor of 4047632387?
False
Is 398220491 a multiple of 37?
False
Does 163 divide 30745385?
False
Is 4366 a factor of 350862825?
False
Is 354 a factor of 122519754?
True
Is 59 a factor of 1041435255?
True
Is 77434286 a multiple of 1184?
False
Is 3532 a factor of 36070999?
False
Is 3391 a factor of 117996627?
True
Is 4 a factor of 83259103?
False
Does 147 divide 2505947955?
True
Is 9 a factor of 1114327804?
False
Is 316 a factor of 443638720?
True
Is 4 a factor of 95607389?
False
Is 102505296 a multiple of 2516?
False
Is 1063 a factor of 88902940?
False
Is 226957302 a multiple of 2626?
True
Is 103 a factor of 1086172558?
False
Does 544 divide 8772000?
True
Is 242425920 a multiple of 88?
True
Is 869 a factor of 2565509595?
True
Does 61 divide 326431191?
True
Is 909873973 a multiple of 11?
False
Is 103 a factor of 46854492?
False
Does 78 divide 4976465?
False
Is 19 a factor of 132330421?
True
Is 67 a factor of 180596006?
False
Is 220172176 a multiple of 6148?
True
Is 18 a factor of 4442210316?
True
Is 94 a factor of 79573358?
False
Is 3586 a factor of 470421675?
False
Is 6 a factor of 80797919?
False
Is 2215 a factor of 122872695?
True
Is 25770981 a multiple of 111?
True
Does 1910 divide 424453570?
True
Is 11098745 a multiple of 35?
True
Is 1101953279 a multiple of 22?
False
Is 190 a factor of 49676070?
True
Does 21 divide 285327623?
False
Is 6788156 a multiple of 10?
False
Does 7760 divide 288802434?
False
Does 127 divide 100254816?
True
Does 1989 divide 14696044?
False
Is 3 a factor of 149741508?
True
Does 239 divide 28478885?
False
Does 883 divide 143174450?
False
Does 104 divide 17971096?
True
Is 94184906 a multiple of 1623?
False
Is 38 a factor of 298510140?
True
Is 209001028 a multiple of 4?
True
Is 129 a factor of 10375835?
False
Is 14010710 a multiple of 70?
True
Does 11 divide 12267530?
True
Is 1142 a factor of 137324131?
False
Does 1912 divide 36827032?
True
Is 291951696 a multiple of 4430?
False
Is 12 a factor of 108064284?
True
Is 24 a factor of 292912302?
False
Does 32 divide 67990251?
False
Is 686924047 a multiple of 7979?
False
Is 43423201 a multiple of 62?
False
Is 1080193183 a multiple of 2156?
False
Is 23807464 a multiple of 8?
True
Is 198047018 a multiple of 68?
False
Is 1012056336 a multiple of 144?
True
Is 34 a factor of 115010044?
False
Does 79 divide 49173571?
False
Does 209 divide 1334566365?
True
Does 399 divide 114915192